{"id":3983,"date":"2023-11-08T12:04:28","date_gmt":"2023-11-08T11:04:28","guid":{"rendered":"https:\/\/fitelbergcompetition.com\/?post_type=soloists&#038;p=3983"},"modified":"2023-11-14T11:18:08","modified_gmt":"2023-11-14T10:18:08","slug":"piotr-plawner","status":"publish","type":"soloists","link":"https:\/\/fitelbergcompetition.com\/pl\/soloist\/piotr-plawner\/","title":{"rendered":"Piotr P\u0142awner"},"content":{"rendered":"\n<div class=\"wp-block-media-text alignwide is-stacked-on-mobile is-vertically-aligned-top\" style=\"grid-template-columns:36% auto\"><figure class=\"wp-block-media-text__media\"><img loading=\"lazy\" decoding=\"async\" width=\"1024\" height=\"1024\" src=\"https:\/\/fitelbergcompetition.com\/wp-content\/uploads\/2023\/11\/Piotr-Plawner-1.jpg\" alt=\"\" class=\"wp-image-4051 size-full\" srcset=\"https:\/\/fitelbergcompetition.com\/wp-content\/uploads\/2023\/11\/Piotr-Plawner-1.jpg 1024w, https:\/\/fitelbergcompetition.com\/wp-content\/uploads\/2023\/11\/Piotr-Plawner-1-300x300.jpg 300w, https:\/\/fitelbergcompetition.com\/wp-content\/uploads\/2023\/11\/Piotr-Plawner-1-150x150.jpg 150w, https:\/\/fitelbergcompetition.com\/wp-content\/uploads\/2023\/11\/Piotr-Plawner-1-768x768.jpg 768w\" sizes=\"auto, (max-width: 1024px) 100vw, 1024px\" \/><\/figure><div class=\"wp-block-media-text__content\">\n<p>Piotr P\u0142awner nale\u017cy do najwybitniejszych i najbardziej kreatywnych skrzypk\u00f3w swojej generacji. \u201eTen m\u0142ody cz\u0142owiek jest fenomenem, to prawdziwy geniusz. Jego gra jest fascynuj\u0105ca, przemy\u015blana do ostatniego niuansu. O tej interpretacji mo\u017cna m\u00f3wi\u0107 tylko w superlatywach\u201d \u2013 pisze o arty\u015bcie gazeta \u201eStuttgarter Zeitung\u201d, The Times pisze \u201eto wyj\u0105tkowy, nieskazitelny talent\u201d, a Lord Yehudi Menuhin nazwa\u0142 Piotra P\u0142awnera skrzypkiem o fenomenalnych zdolno\u015bciach oraz jednym z najbardziej obiecuj\u0105cych talent\u00f3w nadchodz\u0105cej ery.<\/p>\n\n\n\n<p>Nauk\u0119 gry na skrzypcach rozpocz\u0105\u0142 w wieku 6 lat. Na estradzie debiutowa\u0142 w dziewi\u0105tym roku \u017cycia. Studia uko\u0144czy\u0142 z wyr\u00f3\u017cnieniem w Akademii Muzycznej w Lodzi. Po otrzymaniu stypendium Fundacji im. Henryka Szerynga w Monte Carlo studiowa\u0142 w Bernie (Szwajcaria), gdzie w roku 1995 zosta\u0142 wyr\u00f3\u017cniony nagrod a specjaln\u0105 Tschumi-Preis za najlepszy dyplom solistyczny.<\/p>\n\n\n\n<p>Artysta jest laureatem wielu konkurs\u00f3w i przes\u0142ucha\u0144 w kraju i za granic\u0105. Najwa\u017cniejsze z nich to zwyci\u0119stwa w X Mi\u0119dzynarodowym Konkursie im. Henryka Wieniawskiego w Poznaniu (1991), Mi\u0119dzynarodowym Konkursie w Bayreuth (1991), w Mi\u0119dzynarodowym Konkursie w Monte Carlo im. Henryka Szerynga (1994), 44. Mi\u0119dzynarodowym Konkursie ARD w Monachium (1995 \u2013 najwy\u017cszy laur przyznany w 55-letniej historii tego konkursu dopiero po raz trzeci).<\/p>\n\n\n\n<p>Piotr P\u0142awner by\u0142 stypendyst\u0105 Krajowego Funduszu na Rzecz Dzieci, Fundacji Sztuki Dziecka, Ministerstwa Kultury i Sztuki oraz Fundacji im. Henryka Szerynga w Monaco. Wiele koncertuje w kraju i zagranic\u0105 jako solista i kameralista. Wyst\u0119powa\u0142 w wielu krajach europejskich, krajach arabskich, Azji oraz obu Amerykach. Wyst\u0119powa\u0142 z takimi zespo\u0142ami jak orkiestry Bayerischen Rundfunk i S\u00fcddeutschen Rundfunk, Berner Symhonieorchester, Sinfonia Helvetica, Radio Kamerorkest Hilversum, Deutschen Kammerorchester, Sinfonia Varsovia, Narodowa Orkiestra Symfoniczna Polskiego Radia w Katowicach, Orchestre Philharmonique de Monte Carlo oraz Netherlands Kammerorchester. Artysta wsp\u00f3\u0142pracuje z najwybitniejszymi dyrygentami naszych czas\u00f3w.<\/p>\n\n\n\n<p>Bra\u0142 udzia\u0142 w licznych znanych festiwalach, takich jak Braunschweiger Kammermusikpodium, Internationale Bachakademie Stuttgart, L`esplanade Saint-Etienne, Rheingau Festival, Printemps des Arts de Monte-Carlo, Internationale Festspiele Passau, Danos Festival, Grazer Fr\u00fchling, Schlosskonzerte Thun, Musikfestival Braunwald oraz Al Bustan Festival oraz w wielu presti\u017cowych koncertach organizowanych dla znanych osobisto\u015bci ze \u015bwiata polityki (H. Kohla, R. S\u00fcssmutha, R. Dreifussa, F. Cottiego, Ksi\u0119cia Monaco Rainera III) i z okazji wa\u017cnych rocznic i wydarze\u0144 europejskich.<\/p>\n\n\n\n<p>Artysta wyst\u0119puje w takich salach koncertowych, jak Tivoli Hall w Kopenhadze, Liederhalle w Stuttgarcie, Herkules Saal w Monachium, Concertgebouw w Amsterdamie, Chatelet w Pary\u017cu, Palau de la Musica Catalona w Barcelonie, Teatro Monumental w Madrycie, Tonhalle w Zurichu, Victoria Hall w Genewie.<\/p>\n\n\n\n<p>Piotr P\u0142awner dysponuje rozleg\u0142ym repertuarem, pocz\u0105wszy od baroku po dzie\u0142a kompozytor\u00f3w wsp\u00f3\u0142czesnych (m. in. K. Penderecki, W. Lutos\u0142awski, E. Knapik, M. Feldman, S. Gubaidulina). Dokona\u0142 r\u00f3wnie\u017c wielu nagra\u0144 radiowych i telewizyjnych w Polsce, Holandii, Niemczech, Danii, Hiszpanii, Szwajcarii i Austrii, m.in. dla Polskiego Radia i Telewizji, TV Hilversum, TV i Radia Bawarskiego, TV Espana, Radio France, SDR, WDR, SWR, DRS oraz ORF. W ostatnich latach dokona\u0142 archiwalnych nagra\u0144 z Wielk\u0105 Orkiestr\u0105 Symfoniczn\u0105 Polskiego Radia w Katowicach (koncerty skrzypcowe H. Wieniawskiego, K. Szymanowskiego, M. Kar\u0142owicza, S. Prokofiewa i R. Schumanna) oraz z Orkiestrami S\u00fcddeutsche Rundfunk i Bayerische Rundfunk, Mitteldeutsche Rundfunk. W swoim dorobku ma tak\u017ce kilka p\u0142yt kompaktowych z utworami polskich kompozytor\u00f3w. Koncert na skrzypce, fortepian i kwartet smyczkowy E. Chaussona zosta\u0142 nagrodzony nagrod\u0105 Fryderyk w 2005 r.. P\u0142yta z utworami kameralnymi Karola Szymanowskiego otrzyma\u0142a presti\u017cow\u0105 nagrod\u0119 i zosta\u0142a wybrana P\u0142yt\u0105 Roku 1998 przez miesi\u0119cznik \u201eStudio\u201d. W roku 2007 otrzyma\u0142 za p\u0142yt\u0119 z koncertami skrzypcowymi Szymanowskiego i Kar\u0142owicza znacz\u0105c\u0105 nagrod\u0119 The Strad Selection za najlepsze wykonanie koncert\u00f3w, przyznan\u0105 przez miesi\u0119cznik \u201eThe Strad\u201d. W roku 2009 otrzyma\u0142 Fryderyka za p\u0142yt\u0119 z utworami Karola Szymanowskiego i Paw\u0142a Kocha\u0144skiego, nagran\u0105 wsp\u00f3lnie z Wojciechem \u015awita\u0142\u0105.<\/p>\n\n\n\n<p>Gra i talent Piotra P\u0142awnera zosta\u0142a wielokrotnie uznana przez mi\u0119dzynarodow\u0105 krytyk\u0119. Jest zapraszanym jurorem w mi\u0119dzynarodowych konkursach muzycznych. Od 2006 roku jest prymariuszem \u015bwiatowej s\u0142awy kwintetu&nbsp;<em>I Salonisti<\/em>.<\/p>\n\n\n\n<p>W 2015 roku zosta\u0142 odznaczony Medalem Gloria Artis za zas\u0142ugi w promowaniu muzyki polskiej za granic\u0105.<\/p>\n\n\n\n<p>W marcu 2020 roku otrzyma\u0142 Fryderyka za swoj\u0105 najnowsz\u0105 p\u0142yt\u0119 CD z koncertami skrzypcowymi Emila M\u0142ynarskiego. Nagranie zosta\u0142o dokonane z Filharmoni\u0105 im. Artura Rubinsteina w \u0141odzi pod dyrekcja Paw\u0142a Przytockiego.<\/p>\n\n\n\n<p>Pocz\u0105wszy od sezonu 2020\/21 wsp\u00f3\u0142pracuje w roli szefa artystycznego Filharmoni\u0105 \u015al\u0105sk\u0105 &#8211; \u015al\u0105sk\u0105 Orkiestr\u0105 Kameraln\u0105 w Katowicach. <\/p>\n\n\n\n<p>Piotr P\u0142awner gra na skrzypcach T. Balestrieri.<\/p>\n<\/div><\/div>\n\n\n\n<p><\/p>\n","protected":false},"featured_media":3993,"template":"","class_list":["post-3983","soloists","type-soloists","status-publish","has-post-thumbnail","hentry"],"_links":{"self":[{"href":"https:\/\/fitelbergcompetition.com\/pl\/wp-json\/wp\/v2\/soloists\/3983","targetHints":{"allow":["GET"]}}],"collection":[{"href":"https:\/\/fitelbergcompetition.com\/pl\/wp-json\/wp\/v2\/soloists"}],"about":[{"href":"https:\/\/fitelbergcompetition.com\/pl\/wp-json\/wp\/v2\/types\/soloists"}],"wp:featuredmedia":[{"embeddable":true,"href":"https:\/\/fitelbergcompetition.com\/pl\/wp-json\/wp\/v2\/media\/3993"}],"wp:attachment":[{"href":"https:\/\/fitelbergcompetition.com\/pl\/wp-json\/wp\/v2\/media?parent=3983"}],"curies":[{"name":"wp","href":"https:\/\/api.w.org\/{rel}","templated":true}]}}

Piotr Pławner

<div class="wp-block-media-text alignwide is-stacked-on-mobile is-vertically-aligned-top" style="grid-template-columns:36% auto"><figure class="wp-block-media-text__media"><img loading="lazy" decoding="async" width="1024" height="1024" src="https://fitelbergcompetition.com/wp-content/uploads/2023/11/Piotr-Plawner-1.jpg" alt="" class="wp-image-4051 size-full" srcset="https://fitelbergcompetition.com/wp-content/uploads/2023/11/Piotr-Plawner-1.jpg 1024w, https://fitelbergcompetition.com/wp-content/uploads/2023/11/Piotr-Plawner-1-300x300.jpg 300w, https://fitelbergcompetition.com/wp-content/uploads/2023/11/Piotr-Plawner-1-150x150.jpg 150w, https://fitelbergcompetition.com/wp-content/uploads/2023/11/Piotr-Plawner-1-768x768.jpg 768w" sizes="auto, (max-width: 1024px) 100vw, 1024px" /></figure><div class="wp-block-media-text__content">
<p>Piotr Pławner należy do najwybitniejszych i najbardziej kreatywnych skrzypków swojej generacji. „Ten młody człowiek jest fenomenem, to prawdziwy geniusz. Jego gra jest fascynująca, przemyślana do ostatniego niuansu. O tej interpretacji można mówić tylko w superlatywach” – pisze o artyście gazeta „Stuttgarter Zeitung”, The Times pisze „to wyjątkowy, nieskazitelny talent”, a Lord Yehudi Menuhin nazwał Piotra Pławnera skrzypkiem o fenomenalnych zdolnościach oraz jednym z najbardziej obiecujących talentów nadchodzącej ery.</p>



<p>Naukę gry na skrzypcach rozpoczął w wieku 6 lat. Na estradzie debiutował w dziewiątym roku życia. Studia ukończył z wyróżnieniem w Akademii Muzycznej w Lodzi. Po otrzymaniu stypendium Fundacji im. Henryka Szerynga w Monte Carlo studiował w Bernie (Szwajcaria), gdzie w roku 1995 został wyróżniony nagrod a specjalną Tschumi-Preis za najlepszy dyplom solistyczny.</p>



<p>Artysta jest laureatem wielu konkursów i przesłuchań w kraju i za granicą. Najważniejsze z nich to zwycięstwa w X Międzynarodowym Konkursie im. Henryka Wieniawskiego w Poznaniu (1991), Międzynarodowym Konkursie w Bayreuth (1991), w Międzynarodowym Konkursie w Monte Carlo im. Henryka Szerynga (1994), 44. Międzynarodowym Konkursie ARD w Monachium (1995 – najwyższy laur przyznany w 55-letniej historii tego konkursu dopiero po raz trzeci).</p>



<p>Piotr Pławner był stypendystą Krajowego Funduszu na Rzecz Dzieci, Fundacji Sztuki Dziecka, Ministerstwa Kultury i Sztuki oraz Fundacji im. Henryka Szerynga w Monaco. Wiele koncertuje w kraju i zagranicą jako solista i kameralista. Występował w wielu krajach europejskich, krajach arabskich, Azji oraz obu Amerykach. Występował z takimi zespołami jak orkiestry Bayerischen Rundfunk i Süddeutschen Rundfunk, Berner Symhonieorchester, Sinfonia Helvetica, Radio Kamerorkest Hilversum, Deutschen Kammerorchester, Sinfonia Varsovia, Narodowa Orkiestra Symfoniczna Polskiego Radia w Katowicach, Orchestre Philharmonique de Monte Carlo oraz Netherlands Kammerorchester. Artysta współpracuje z najwybitniejszymi dyrygentami naszych czasów.</p>



<p>Brał udział w licznych znanych festiwalach, takich jak Braunschweiger Kammermusikpodium, Internationale Bachakademie Stuttgart, L`esplanade Saint-Etienne, Rheingau Festival, Printemps des Arts de Monte-Carlo, Internationale Festspiele Passau, Danos Festival, Grazer Frühling, Schlosskonzerte Thun, Musikfestival Braunwald oraz Al Bustan Festival oraz w wielu prestiżowych koncertach organizowanych dla znanych osobistości ze świata polityki (H. Kohla, R. Süssmutha, R. Dreifussa, F. Cottiego, Księcia Monaco Rainera III) i z okazji ważnych rocznic i wydarzeń europejskich.</p>



<p>Artysta występuje w takich salach koncertowych, jak Tivoli Hall w Kopenhadze, Liederhalle w Stuttgarcie, Herkules Saal w Monachium, Concertgebouw w Amsterdamie, Chatelet w Paryżu, Palau de la Musica Catalona w Barcelonie, Teatro Monumental w Madrycie, Tonhalle w Zurichu, Victoria Hall w Genewie.</p>



<p>Piotr Pławner dysponuje rozległym repertuarem, począwszy od baroku po dzieła kompozytorów współczesnych (m. in. K. Penderecki, W. Lutosławski, E. Knapik, M. Feldman, S. Gubaidulina). Dokonał również wielu nagrań radiowych i telewizyjnych w Polsce, Holandii, Niemczech, Danii, Hiszpanii, Szwajcarii i Austrii, m.in. dla Polskiego Radia i Telewizji, TV Hilversum, TV i Radia Bawarskiego, TV Espana, Radio France, SDR, WDR, SWR, DRS oraz ORF. W ostatnich latach dokonał archiwalnych nagrań z Wielką Orkiestrą Symfoniczną Polskiego Radia w Katowicach (koncerty skrzypcowe H. Wieniawskiego, K. Szymanowskiego, M. Karłowicza, S. Prokofiewa i R. Schumanna) oraz z Orkiestrami Süddeutsche Rundfunk i Bayerische Rundfunk, Mitteldeutsche Rundfunk. W swoim dorobku ma także kilka płyt kompaktowych z utworami polskich kompozytorów. Koncert na skrzypce, fortepian i kwartet smyczkowy E. Chaussona został nagrodzony nagrodą Fryderyk w 2005 r.. Płyta z utworami kameralnymi Karola Szymanowskiego otrzymała prestiżową nagrodę i została wybrana Płytą Roku 1998 przez miesięcznik „Studio”. W roku 2007 otrzymał za płytę z koncertami skrzypcowymi Szymanowskiego i Karłowicza znaczącą nagrodę The Strad Selection za najlepsze wykonanie koncertów, przyznaną przez miesięcznik „The Strad”. W roku 2009 otrzymał Fryderyka za płytę z utworami Karola Szymanowskiego i Pawła Kochańskiego, nagraną wspólnie z Wojciechem Świtałą.</p>



<p>Gra i talent Piotra Pławnera została wielokrotnie uznana przez międzynarodową krytykę. Jest zapraszanym jurorem w międzynarodowych konkursach muzycznych. Od 2006 roku jest prymariuszem światowej sławy kwintetu&nbsp;<em>I Salonisti</em>.</p>



<p>W 2015 roku został odznaczony Medalem Gloria Artis za zasługi w promowaniu muzyki polskiej za granicą.</p>



<p>W marcu 2020 roku otrzymał Fryderyka za swoją najnowszą płytę CD z koncertami skrzypcowymi Emila Młynarskiego. Nagranie zostało dokonane z Filharmonią im. Artura Rubinsteina w Łodzi pod dyrekcja Pawła Przytockiego.</p>



<p>Począwszy od sezonu 2020/21 współpracuje w roli szefa artystycznego Filharmonią Śląską &#8211; Śląską Orkiestrą Kameralną w Katowicach. </p>



<p>Piotr Pławner gra na skrzypcach T. Balestrieri.</p>
</div></div>



<p></p>
